{"id":746,"date":"2022-03-28T14:58:30","date_gmt":"2022-03-28T12:58:30","guid":{"rendered":"https:\/\/barometremobilites-quotidien.org\/?page_id=746"},"modified":"2024-11-26T17:48:45","modified_gmt":"2024-11-26T16:48:45","slug":"barometre-national-2022","status":"publish","type":"page","link":"https:\/\/barometremobilites-quotidien.org\/index.php\/barometre-national-2022\/","title":{"rendered":"Barom\u00e8tre 2024 &#8211; National"},"content":{"rendered":"\t\t<div data-elementor-type=\"wp-page\" data-elementor-id=\"746\" class=\"elementor elementor-746\">\n\t\t\t\t\t\t<section class=\"elementor-section elementor-top-section elementor-element elementor-element-112ff822 elementor-section-boxed elementor-section-height-default elementor-section-height-default\" data-id=\"112ff822\" data-element_type=\"section\">\n\t\t\t\t\t\t<div class=\"elementor-container elementor-column-gap-default\">\n\t\t\t\t\t<div class=\"elementor-column elementor-col-100 elementor-top-column elementor-element elementor-element-60830f72\" data-id=\"60830f72\" data-element_type=\"column\">\n\t\t\t<div class=\"elementor-widget-wrap elementor-element-populated\">\n\t\t\t\t\t\t<section class=\"elementor-section elementor-inner-section elementor-element elementor-element-63a3a4d elementor-section-height-min-height elementor-section-boxed elementor-section-height-default\" data-id=\"63a3a4d\" data-element_type=\"section\">\n\t\t\t\t\t\t<div class=\"elementor-container elementor-column-gap-default\">\n\t\t\t\t\t<div class=\"elementor-column elementor-col-50 elementor-inner-column elementor-element elementor-element-b3097e6\" data-id=\"b3097e6\" data-element_type=\"column\">\n\t\t\t<div class=\"elementor-widget-wrap elementor-element-populated\">\n\t\t\t\t\t\t<div class=\"elementor-element elementor-element-f1d65f1 elementor-widget elementor-widget-image\" data-id=\"f1d65f1\" data-element_type=\"widget\" data-widget_type=\"image.default\">\n\t\t\t\t<div class=\"elementor-widget-container\">\n\t\t\t\t\t\t\t\t\t\t\t\t\t<img fetchpriority=\"high\" decoding=\"async\" width=\"580\" height=\"283\" src=\"https:\/\/barometremobilites-quotidien.org\/wp-content\/uploads\/2024\/09\/Capture-decran-2024-09-18-122227.png\" class=\"attachment-large size-large wp-image-1173\" alt=\"\" srcset=\"https:\/\/barometremobilites-quotidien.org\/wp-content\/uploads\/2024\/09\/Capture-decran-2024-09-18-122227.png 580w, https:\/\/barometremobilites-quotidien.org\/wp-content\/uploads\/2024\/09\/Capture-decran-2024-09-18-122227-300x146.png 300w\" sizes=\"(max-width: 580px) 100vw, 580px\" \/>\t\t\t\t\t\t\t\t\t\t\t\t\t<\/div>\n\t\t\t\t<\/div>\n\t\t\t\t\t<\/div>\n\t\t<\/div>\n\t\t\t\t<div class=\"elementor-column elementor-col-50 elementor-inner-column elementor-element elementor-element-37ede1c\" data-id=\"37ede1c\" data-element_type=\"column\">\n\t\t\t<div class=\"elementor-widget-wrap elementor-element-populated\">\n\t\t\t\t\t\t<div class=\"elementor-element elementor-element-f005ba8 elementor-widget elementor-widget-text-editor\" data-id=\"f005ba8\" data-element_type=\"widget\" data-widget_type=\"text-editor.default\">\n\t\t\t\t<div class=\"elementor-widget-container\">\n\t\t\t\t\t\t\t<p><strong>Wimoov publie en 2024 la 3e \u00e9dition du Barom\u00e8tre des mobilit\u00e9s du quotidien.<\/strong><\/p><p>Ce barom\u00e8tre livre tous les deux ans une photographie des usages et des repr\u00e9sentations des Fran\u00e7ais.es dans leurs mobilit\u00e9s du quotidien et vise \u00e0 identifier les situations et les facteurs de pr\u00e9carit\u00e9 dans ce domaine.\u00a0\u00a0\u00a0<\/p><p>\u00a0<\/p>\t\t\t\t\t\t<\/div>\n\t\t\t\t<\/div>\n\t\t\t\t\t<\/div>\n\t\t<\/div>\n\t\t\t\t\t<\/div>\n\t\t<\/section>\n\t\t\t\t<div class=\"elementor-element elementor-element-a8ae516 elementor-widget elementor-widget-text-editor\" data-id=\"a8ae516\" data-element_type=\"widget\" data-widget_type=\"text-editor.default\">\n\t\t\t\t<div class=\"elementor-widget-container\">\n\t\t\t\t\t\t\t<p style=\"box-sizing: border-box; overflow-wrap: break-word; margin-top: 1.25em; margin-bottom: 1rem; color: #7a7a7a; font-family: Roboto, sans-serif; font-size: 18px; font-style: normal; font-variant-ligatures: normal; font-variant-caps: normal; letter-spacing: normal; orphans: 2; text-align: start; text-indent: 0px; text-transform: none; white-space: normal; widows: 2; word-spacing: 0px; -webkit-text-stroke-width: 0px; background-color: #ffffff; text-decoration-thickness: initial; text-decoration-style: initial; text-decoration-color: initial;\"><span style=\"font-weight: 400;\">Le Barom\u00e8tre constitue un <\/span><b>outil de suivi des politiques publiques.<\/b> Son originalit\u00e9 r\u00e9side dans une analyse fine des enjeux sociaux li\u00e9s \u00e0 la d\u00e9carbonation des transports, et des r\u00e9alit\u00e9s territoriales qui doivent \u00eatre prises en compte dans cette transformation majeure.<\/p><p style=\"box-sizing: border-box; overflow-wrap: break-word; margin-top: 1.25em; margin-bottom: 1rem; color: #7a7a7a; font-family: Roboto, sans-serif; font-size: 18px; font-style: normal; font-variant-ligatures: normal; font-variant-caps: normal; letter-spacing: normal; orphans: 2; text-align: start; text-indent: 0px; text-transform: none; white-space: normal; widows: 2; word-spacing: 0px; -webkit-text-stroke-width: 0px; background-color: #ffffff; text-decoration-thickness: initial; text-decoration-style: initial; text-decoration-color: initial;\">Etudi\u00e9s pour la premi\u00e8re fois dans ce barom\u00e8tre, les <b>d\u00e9placements sont aussi impact\u00e9s par les al\u00e9as climatiques,<\/b> avec davantage de renoncements et un report modal sur la voiture, ce qui vient amplifier \u00e0 la fois ce ph\u00e9nom\u00e8ne de d\u00e9pendance\u2026 et les cons\u00e9quences sur le climat.<\/p><p>Cette \u00e9dition a \u00e9t\u00e9 r\u00e9alis\u00e9e en 2023 aupr\u00e8s d\u2019un \u00e9chantillon de pr\u00e8s de 12\u202f500 personnes dans la France enti\u00e8re y compris en Guadeloupe.\u00a0<\/p><p style=\"box-sizing: border-box; overflow-wrap: break-word; margin-top: 1.25em; margin-bottom: 1rem; color: #7a7a7a; font-family: Roboto, sans-serif; font-size: 18px; font-style: normal; font-variant-ligatures: normal; font-variant-caps: normal; font-weight: 400; letter-spacing: normal; orphans: 2; text-align: start; text-indent: 0px; text-transform: none; white-space: normal; widows: 2; word-spacing: 0px; -webkit-text-stroke-width: 0px; background-color: #ffffff; text-decoration-thickness: initial; text-decoration-style: initial; text-decoration-color: initial;\">A votre disposition pour consultation ou t\u00e9l\u00e9chargement.<\/p>\t\t\t\t\t\t<\/div>\n\t\t\t\t<\/div>\n\t\t\t\t<section class=\"elementor-section elementor-inner-section elementor-element elementor-element-96cbb45 elementor-section-boxed elementor-section-height-default elementor-section-height-default\" data-id=\"96cbb45\" data-element_type=\"section\">\n\t\t\t\t\t\t<div class=\"elementor-container elementor-column-gap-default\">\n\t\t\t\t\t<div class=\"elementor-column elementor-col-50 elementor-inner-column elementor-element elementor-element-4ae7a39\" data-id=\"4ae7a39\" data-element_type=\"column\">\n\t\t\t<div class=\"elementor-widget-wrap elementor-element-populated\">\n\t\t\t\t\t\t<div class=\"elementor-element elementor-element-5d42d57 elementor-align-justify elementor-widget elementor-widget-button\" data-id=\"5d42d57\" data-element_type=\"widget\" data-widget_type=\"button.default\">\n\t\t\t\t<div class=\"elementor-widget-container\">\n\t\t\t\t\t<div class=\"elementor-button-wrapper\">\n\t\t\t<a class=\"elementor-button elementor-button-link elementor-size-sm\" href=\"https:\/\/barometremobilites-quotidien.org\/wp-content\/uploads\/2024\/09\/Wimoov_CP_Barometre-Mobilites-Quotidien_Sept-24.pdf\">\n\t\t\t\t\t\t<span class=\"elementor-button-content-wrapper\">\n\t\t\t\t\t\t\t\t\t<span class=\"elementor-button-text\"> Communiqu\u00e9 de presse <\/span>\n\t\t\t\t\t<\/span>\n\t\t\t\t\t<\/a>\n\t\t<\/div>\n\t\t\t\t<\/div>\n\t\t\t\t<\/div>\n\t\t\t\t<div class=\"elementor-element elementor-element-b93fa71 elementor-align-justify elementor-widget elementor-widget-button\" data-id=\"b93fa71\" data-element_type=\"widget\" data-widget_type=\"button.default\">\n\t\t\t\t<div class=\"elementor-widget-container\">\n\t\t\t\t\t<div class=\"elementor-button-wrapper\">\n\t\t\t<a class=\"elementor-button elementor-button-link elementor-size-sm\" href=\"https:\/\/barometremobilites-quotidien.org\/wp-content\/uploads\/2024\/09\/BMQ3_National_VEF-Extraits_compressed.pdf\">\n\t\t\t\t\t\t<span class=\"elementor-button-content-wrapper\">\n\t\t\t\t\t\t\t\t\t<span class=\"elementor-button-text\">Rapport d'\u00e9tude - Extraits<\/span>\n\t\t\t\t\t<\/span>\n\t\t\t\t\t<\/a>\n\t\t<\/div>\n\t\t\t\t<\/div>\n\t\t\t\t<\/div>\n\t\t\t\t<div class=\"elementor-element elementor-element-e249646 elementor-align-justify elementor-widget elementor-widget-button\" data-id=\"e249646\" data-element_type=\"widget\" data-widget_type=\"button.default\">\n\t\t\t\t<div class=\"elementor-widget-container\">\n\t\t\t\t\t<div class=\"elementor-button-wrapper\">\n\t\t\t<a class=\"elementor-button elementor-button-link elementor-size-sm\" href=\"https:\/\/www.youtube.com\/watch?v=Sn86LWdrwag\">\n\t\t\t\t\t\t<span class=\"elementor-button-content-wrapper\">\n\t\t\t\t\t\t\t\t\t<span class=\"elementor-button-text\">R\u00e9sultats en audio<\/span>\n\t\t\t\t\t<\/span>\n\t\t\t\t\t<\/a>\n\t\t<\/div>\n\t\t\t\t<\/div>\n\t\t\t\t<\/div>\n\t\t\t\t\t<\/div>\n\t\t<\/div>\n\t\t\t\t<div class=\"elementor-column elementor-col-50 elementor-inner-column elementor-element elementor-element-e597314\" data-id=\"e597314\" data-element_type=\"column\">\n\t\t\t<div class=\"elementor-widget-wrap elementor-element-populated\">\n\t\t\t\t\t\t<div class=\"elementor-element elementor-element-102ec4f elementor-align-justify elementor-widget elementor-widget-button\" data-id=\"102ec4f\" data-element_type=\"widget\" data-widget_type=\"button.default\">\n\t\t\t\t<div class=\"elementor-widget-container\">\n\t\t\t\t\t<div class=\"elementor-button-wrapper\">\n\t\t\t<a class=\"elementor-button elementor-button-link elementor-size-sm\" href=\"https:\/\/barometremobilites-quotidien.org\/wp-content\/uploads\/2024\/11\/2024-11-26_Wimoov_BMQ_Brochure_Pageparpage-compresse.pdf\">\n\t\t\t\t\t\t<span class=\"elementor-button-content-wrapper\">\n\t\t\t\t\t\t\t\t\t<span class=\"elementor-button-text\">L'essentiel du Barom\u00e8tre et propositions<\/span>\n\t\t\t\t\t<\/span>\n\t\t\t\t\t<\/a>\n\t\t<\/div>\n\t\t\t\t<\/div>\n\t\t\t\t<\/div>\n\t\t\t\t<div class=\"elementor-element elementor-element-707c1c7 elementor-align-justify elementor-widget elementor-widget-button\" data-id=\"707c1c7\" data-element_type=\"widget\" data-widget_type=\"button.default\">\n\t\t\t\t<div class=\"elementor-widget-container\">\n\t\t\t\t\t<div class=\"elementor-button-wrapper\">\n\t\t\t<a class=\"elementor-button elementor-button-link elementor-size-sm\" href=\"https:\/\/barometremobilites-quotidien.org\/wp-content\/uploads\/2024\/09\/2024-09-18_Wimoov_BMQ-Plaquette.pdf\">\n\t\t\t\t\t\t<span class=\"elementor-button-content-wrapper\">\n\t\t\t\t\t\t\t\t\t<span class=\"elementor-button-text\">L'essentiel du Barom\u00e8tre en 2 pages<\/span>\n\t\t\t\t\t<\/span>\n\t\t\t\t\t<\/a>\n\t\t<\/div>\n\t\t\t\t<\/div>\n\t\t\t\t<\/div>\n\t\t\t\t<div class=\"elementor-element elementor-element-494cbb6 elementor-align-justify elementor-widget elementor-widget-button\" data-id=\"494cbb6\" data-element_type=\"widget\" data-widget_type=\"button.default\">\n\t\t\t\t<div class=\"elementor-widget-container\">\n\t\t\t\t\t<div class=\"elementor-button-wrapper\">\n\t\t\t<a class=\"elementor-button elementor-button-link elementor-size-sm\" href=\"https:\/\/barometremobilites-quotidien.org\/wp-content\/uploads\/2024\/09\/BMQ3_National_Rapport-complet-VF.pdf\">\n\t\t\t\t\t\t<span class=\"elementor-button-content-wrapper\">\n\t\t\t\t\t\t\t\t\t<span class=\"elementor-button-text\">Rapport complet<\/span>\n\t\t\t\t\t<\/span>\n\t\t\t\t\t<\/a>\n\t\t<\/div>\n\t\t\t\t<\/div>\n\t\t\t\t<\/div>\n\t\t\t\t\t<\/div>\n\t\t<\/div>\n\t\t\t\t\t<\/div>\n\t\t<\/section>\n\t\t\t\t\t<\/div>\n\t\t<\/div>\n\t\t\t\t\t<\/div>\n\t\t<\/section>\n\t\t\t\t<\/div>\n\t\t","protected":false},"excerpt":{"rendered":"<p>Wimoov publie en 2024 la 3e \u00e9dition du Barom\u00e8tre des mobilit\u00e9s du quotidien. Ce barom\u00e8tre livre tous les deux ans une photographie des usages et des repr\u00e9sentations des Fran\u00e7ais.es dans leurs mobilit\u00e9s du quotidien et vise \u00e0 identifier les situations et les facteurs de pr\u00e9carit\u00e9 dans ce domaine.\u00a0\u00a0\u00a0 \u00a0 Le Barom\u00e8tre constitue un outil de [&hellip;]<\/p>\n","protected":false},"author":1,"featured_media":0,"parent":0,"menu_order":0,"comment_status":"closed","ping_status":"closed","template":"","meta":{"footnotes":""},"_links":{"self":[{"href":"https:\/\/barometremobilites-quotidien.org\/index.php\/wp-json\/wp\/v2\/pages\/746"}],"collection":[{"href":"https:\/\/barometremobilites-quotidien.org\/index.php\/wp-json\/wp\/v2\/pages"}],"about":[{"href":"https:\/\/barometremobilites-quotidien.org\/index.php\/wp-json\/wp\/v2\/types\/page"}],"author":[{"embeddable":true,"href":"https:\/\/barometremobilites-quotidien.org\/index.php\/wp-json\/wp\/v2\/users\/1"}],"replies":[{"embeddable":true,"href":"https:\/\/barometremobilites-quotidien.org\/index.php\/wp-json\/wp\/v2\/comments?post=746"}],"version-history":[{"count":98,"href":"https:\/\/barometremobilites-quotidien.org\/index.php\/wp-json\/wp\/v2\/pages\/746\/revisions"}],"predecessor-version":[{"id":1611,"href":"https:\/\/barometremobilites-quotidien.org\/index.php\/wp-json\/wp\/v2\/pages\/746\/revisions\/1611"}],"wp:attachment":[{"href":"https:\/\/barometremobilites-quotidien.org\/index.php\/wp-json\/wp\/v2\/media?parent=746"}],"curies":[{"name":"wp","href":"https:\/\/api.w.org\/{rel}","templated":true}]}}

Baromètre 2024 &#8211; National

<div data-elementor-type="wp-page" data-elementor-id="746" class="elementor elementor-746">
						<section class="elementor-section elementor-top-section elementor-element elementor-element-112ff822 elementor-section-boxed elementor-section-height-default elementor-section-height-default" data-id="112ff822" data-element_type="section">
						<div class="elementor-container elementor-column-gap-default">
					<div class="elementor-column elementor-col-100 elementor-top-column elementor-element elementor-element-60830f72" data-id="60830f72" data-element_type="column">
			<div class="elementor-widget-wrap elementor-element-populated">
						<section class="elementor-section elementor-inner-section elementor-element elementor-element-63a3a4d elementor-section-height-min-height elementor-section-boxed elementor-section-height-default" data-id="63a3a4d" data-element_type="section">
						<div class="elementor-container elementor-column-gap-default">
					<div class="elementor-column elementor-col-50 elementor-inner-column elementor-element elementor-element-b3097e6" data-id="b3097e6" data-element_type="column">
			<div class="elementor-widget-wrap elementor-element-populated">
						<div class="elementor-element elementor-element-f1d65f1 elementor-widget elementor-widget-image" data-id="f1d65f1" data-element_type="widget" data-widget_type="image.default">
				<div class="elementor-widget-container">
													<img fetchpriority="high" decoding="async" width="580" height="283" src="https://barometremobilites-quotidien.org/wp-content/uploads/2024/09/Capture-decran-2024-09-18-122227.png" class="attachment-large size-large wp-image-1173" alt="" srcset="https://barometremobilites-quotidien.org/wp-content/uploads/2024/09/Capture-decran-2024-09-18-122227.png 580w, https://barometremobilites-quotidien.org/wp-content/uploads/2024/09/Capture-decran-2024-09-18-122227-300x146.png 300w" sizes="(max-width: 580px) 100vw, 580px" />													</div>
				</div>
					</div>
		</div>
				<div class="elementor-column elementor-col-50 elementor-inner-column elementor-element elementor-element-37ede1c" data-id="37ede1c" data-element_type="column">
			<div class="elementor-widget-wrap elementor-element-populated">
						<div class="elementor-element elementor-element-f005ba8 elementor-widget elementor-widget-text-editor" data-id="f005ba8" data-element_type="widget" data-widget_type="text-editor.default">
				<div class="elementor-widget-container">
							<p><strong>Wimoov publie en 2024 la 3e édition du Baromètre des mobilités du quotidien.</strong></p><p>Ce baromètre livre tous les deux ans une photographie des usages et des représentations des Français.es dans leurs mobilités du quotidien et vise à identifier les situations et les facteurs de précarité dans ce domaine.   </p><p> </p>						</div>
				</div>
					</div>
		</div>
					</div>
		</section>
				<div class="elementor-element elementor-element-a8ae516 elementor-widget elementor-widget-text-editor" data-id="a8ae516" data-element_type="widget" data-widget_type="text-editor.default">
				<div class="elementor-widget-container">
							<p style="box-sizing: border-box; overflow-wrap: break-word; margin-top: 1.25em; margin-bottom: 1rem; color: #7a7a7a; font-family: Roboto, sans-serif; font-size: 18px; font-style: normal; font-variant-ligatures: normal; font-variant-caps: normal; letter-spacing: normal; orphans: 2; text-align: start; text-indent: 0px; text-transform: none; white-space: normal; widows: 2; word-spacing: 0px; -webkit-text-stroke-width: 0px; background-color: #ffffff; text-decoration-thickness: initial; text-decoration-style: initial; text-decoration-color: initial;"><span style="font-weight: 400;">Le Baromètre constitue un </span><b>outil de suivi des politiques publiques.</b> Son originalité réside dans une analyse fine des enjeux sociaux liés à la décarbonation des transports, et des réalités territoriales qui doivent être prises en compte dans cette transformation majeure.</p><p style="box-sizing: border-box; overflow-wrap: break-word; margin-top: 1.25em; margin-bottom: 1rem; color: #7a7a7a; font-family: Roboto, sans-serif; font-size: 18px; font-style: normal; font-variant-ligatures: normal; font-variant-caps: normal; letter-spacing: normal; orphans: 2; text-align: start; text-indent: 0px; text-transform: none; white-space: normal; widows: 2; word-spacing: 0px; -webkit-text-stroke-width: 0px; background-color: #ffffff; text-decoration-thickness: initial; text-decoration-style: initial; text-decoration-color: initial;">Etudiés pour la première fois dans ce baromètre, les <b>déplacements sont aussi impactés par les aléas climatiques,</b> avec davantage de renoncements et un report modal sur la voiture, ce qui vient amplifier à la fois ce phénomène de dépendance… et les conséquences sur le climat.</p><p>Cette édition a été réalisée en 2023 auprès d’un échantillon de près de 12 500 personnes dans la France entière y compris en Guadeloupe. </p><p style="box-sizing: border-box; overflow-wrap: break-word; margin-top: 1.25em; margin-bottom: 1rem; color: #7a7a7a; font-family: Roboto, sans-serif; font-size: 18px; font-style: normal; font-variant-ligatures: normal; font-variant-caps: normal; font-weight: 400; letter-spacing: normal; orphans: 2; text-align: start; text-indent: 0px; text-transform: none; white-space: normal; widows: 2; word-spacing: 0px; -webkit-text-stroke-width: 0px; background-color: #ffffff; text-decoration-thickness: initial; text-decoration-style: initial; text-decoration-color: initial;">A votre disposition pour consultation ou téléchargement.</p>						</div>
				</div>
				<section class="elementor-section elementor-inner-section elementor-element elementor-element-96cbb45 elementor-section-boxed elementor-section-height-default elementor-section-height-default" data-id="96cbb45" data-element_type="section">
						<div class="elementor-container elementor-column-gap-default">
					<div class="elementor-column elementor-col-50 elementor-inner-column elementor-element elementor-element-4ae7a39" data-id="4ae7a39" data-element_type="column">
			<div class="elementor-widget-wrap elementor-element-populated">
						<div class="elementor-element elementor-element-5d42d57 elementor-align-justify elementor-widget elementor-widget-button" data-id="5d42d57" data-element_type="widget" data-widget_type="button.default">
				<div class="elementor-widget-container">
					<div class="elementor-button-wrapper">
			<a class="elementor-button elementor-button-link elementor-size-sm" href="https://barometremobilites-quotidien.org/wp-content/uploads/2024/09/Wimoov_CP_Barometre-Mobilites-Quotidien_Sept-24.pdf">
						<span class="elementor-button-content-wrapper">
									<span class="elementor-button-text"> Communiqué de presse </span>
					</span>
					</a>
		</div>
				</div>
				</div>
				<div class="elementor-element elementor-element-b93fa71 elementor-align-justify elementor-widget elementor-widget-button" data-id="b93fa71" data-element_type="widget" data-widget_type="button.default">
				<div class="elementor-widget-container">
					<div class="elementor-button-wrapper">
			<a class="elementor-button elementor-button-link elementor-size-sm" href="https://barometremobilites-quotidien.org/wp-content/uploads/2024/09/BMQ3_National_VEF-Extraits_compressed.pdf">
						<span class="elementor-button-content-wrapper">
									<span class="elementor-button-text">Rapport d'étude - Extraits</span>
					</span>
					</a>
		</div>
				</div>
				</div>
				<div class="elementor-element elementor-element-e249646 elementor-align-justify elementor-widget elementor-widget-button" data-id="e249646" data-element_type="widget" data-widget_type="button.default">
				<div class="elementor-widget-container">
					<div class="elementor-button-wrapper">
			<a class="elementor-button elementor-button-link elementor-size-sm" href="https://www.youtube.com/watch?v=Sn86LWdrwag">
						<span class="elementor-button-content-wrapper">
									<span class="elementor-button-text">Résultats en audio</span>
					</span>
					</a>
		</div>
				</div>
				</div>
					</div>
		</div>
				<div class="elementor-column elementor-col-50 elementor-inner-column elementor-element elementor-element-e597314" data-id="e597314" data-element_type="column">
			<div class="elementor-widget-wrap elementor-element-populated">
						<div class="elementor-element elementor-element-102ec4f elementor-align-justify elementor-widget elementor-widget-button" data-id="102ec4f" data-element_type="widget" data-widget_type="button.default">
				<div class="elementor-widget-container">
					<div class="elementor-button-wrapper">
			<a class="elementor-button elementor-button-link elementor-size-sm" href="https://barometremobilites-quotidien.org/wp-content/uploads/2024/11/2024-11-26_Wimoov_BMQ_Brochure_Pageparpage-compresse.pdf">
						<span class="elementor-button-content-wrapper">
									<span class="elementor-button-text">L'essentiel du Baromètre et propositions</span>
					</span>
					</a>
		</div>
				</div>
				</div>
				<div class="elementor-element elementor-element-707c1c7 elementor-align-justify elementor-widget elementor-widget-button" data-id="707c1c7" data-element_type="widget" data-widget_type="button.default">
				<div class="elementor-widget-container">
					<div class="elementor-button-wrapper">
			<a class="elementor-button elementor-button-link elementor-size-sm" href="https://barometremobilites-quotidien.org/wp-content/uploads/2024/09/2024-09-18_Wimoov_BMQ-Plaquette.pdf">
						<span class="elementor-button-content-wrapper">
									<span class="elementor-button-text">L'essentiel du Baromètre en 2 pages</span>
					</span>
					</a>
		</div>
				</div>
				</div>
				<div class="elementor-element elementor-element-494cbb6 elementor-align-justify elementor-widget elementor-widget-button" data-id="494cbb6" data-element_type="widget" data-widget_type="button.default">
				<div class="elementor-widget-container">
					<div class="elementor-button-wrapper">
			<a class="elementor-button elementor-button-link elementor-size-sm" href="https://barometremobilites-quotidien.org/wp-content/uploads/2024/09/BMQ3_National_Rapport-complet-VF.pdf">
						<span class="elementor-button-content-wrapper">
									<span class="elementor-button-text">Rapport complet</span>
					</span>
					</a>
		</div>
				</div>
				</div>
					</div>
		</div>
					</div>
		</section>
					</div>
		</div>
					</div>
		</section>
				</div>

<p>Wimoov publie en 2024 la 3e édition du Baromètre des mobilités du quotidien. Ce baromètre livre tous les deux ans une photographie des usages et des représentations des Français.es dans leurs mobilités du quotidien et vise à identifier les situations et les facteurs de précarité dans ce domaine.      Le Baromètre constitue un outil de [&hellip;]</p>
